{"id":10,"date":"2024-06-20T16:20:12","date_gmt":"2024-06-20T16:20:12","guid":{"rendered":"https:\/\/arbudi.com\/tunis\/?page_id=10"},"modified":"2024-07-08T22:11:46","modified_gmt":"2024-07-08T22:11:46","slug":"company","status":"publish","type":"page","link":"https:\/\/arbudi.com\/tunis\/company\/","title":{"rendered":"Annuaire des entreprises de Tunis"},"content":{"rendered":"<div class=\"fusion-fullwidth fullwidth-box fusion-builder-row-1 fusion-flex-container has-pattern-background has-mask-background nonhundred-percent-fullwidth non-hundred-percent-height-scrolling\" style=\"background-color: rgba(255,255,255,0);background-position: center center;background-repeat: no-repeat;border-width: 0px 0px 0px 0px;border-color:#eae9e9;border-style:solid;\" ><div class=\"fusion-builder-row fusion-row fusion-flex-align-items-flex-start\" style=\"max-width:1352px;margin-left: calc(-4% \/ 2 );margin-right: calc(-4% \/ 2 );\"><div class=\"fusion-layout-column fusion_builder_column fusion-builder-column-0 fusion_builder_column_1_1 1_1 fusion-flex-column\"><div class=\"fusion-column-wrapper fusion-flex-justify-content-flex-start fusion-content-layout-column\" style=\"background-position:left top;background-repeat:no-repeat;-webkit-background-size:cover;-moz-background-size:cover;-o-background-size:cover;background-size:cover;padding: 0px 0px 0px 0px;\"><div class=\"fusion-text fusion-text-1 fusion-text-split-columns fusion-text-columns-3\" style=\" -webkit-column-count:3; -webkit-column-gap:2em; -webkit-column-width:200px; -moz-column-count:3; -moz-column-gap:2em; -moz-column-width:200px; column-count:3; column-gap:2em; column-width:200px;\"><li><a href=\"https:\/\/arbudi.com\/tunis\/administration\/\">Administration<\/a><\/li><li><a href=\"https:\/\/arbudi.com\/tunis\/agence-dassurance\/\">Agence d'assurance<\/a><\/li><li><a href=\"https:\/\/arbudi.com\/tunis\/agence-de-location-dappartements\/\">Agence de location d'appartements<\/a><\/li><li><a href=\"https:\/\/arbudi.com\/tunis\/agence-de-location-de-bureaux\/\">Agence de location de bureaux<\/a><\/li><li><a href=\"https:\/\/arbudi.com\/tunis\/agence-de-location-de-maisons-de-vacances\/\">Agence de location de maisons de vacances<\/a><\/li><li><a href=\"https:\/\/arbudi.com\/tunis\/agence-de-location-immobiliere\/\">Agence de location immobili\u00e8re<\/a><\/li><li><a href=\"https:\/\/arbudi.com\/tunis\/agence-de-marketing\/\">Agence de marketing<\/a><\/li><li><a href=\"https:\/\/arbudi.com\/tunis\/agence-de-publicite\/\">Agence de publicit\u00e9<\/a><\/li><li><a href=\"https:\/\/arbudi.com\/tunis\/agence-evenementielle\/\">Agence \u00e9v\u00e9nementielle<\/a><\/li><li><a href=\"https:\/\/arbudi.com\/tunis\/agence-immobiliere\/\">Agence immobili\u00e8re<\/a><\/li><li><a href=\"https:\/\/arbudi.com\/tunis\/agence-immobiliere-industrielle\/\">Agence immobili\u00e8re industrielle<\/a><\/li><li><a href=\"https:\/\/arbudi.com\/tunis\/agent-immobilier\/\">Agent immobilier<\/a><\/li><li><a href=\"https:\/\/arbudi.com\/tunis\/appartement-de-vacances\/\">Appartement de vacances<\/a><\/li><li><a href=\"https:\/\/arbudi.com\/tunis\/arene\/\">Ar\u00e8ne<\/a><\/li><li><a href=\"https:\/\/arbudi.com\/tunis\/artiste\/\">Artiste<\/a><\/li><li><a href=\"https:\/\/arbudi.com\/tunis\/assistance-et-services-informatiques\/\">Assistance et services informatiques<\/a><\/li><li><a href=\"https:\/\/arbudi.com\/tunis\/association-des-avocats\/\">Association des avocats<\/a><\/li><li><a href=\"https:\/\/arbudi.com\/tunis\/atelier-de-carrosserie-automobile\/\">Atelier de carrosserie automobile<\/a><\/li><li><a href=\"https:\/\/arbudi.com\/tunis\/atelier-de-mecanique-automobile\/\">Atelier de m\u00e9canique automobile<\/a><\/li><li><a href=\"https:\/\/arbudi.com\/tunis\/atelier-de-reparation-automobile\/\">Atelier de r\u00e9paration automobile<\/a><\/li><li><a href=\"https:\/\/arbudi.com\/tunis\/atelier-de-reparation-de-pneus\/\">Atelier de r\u00e9paration de pneus<\/a><\/li><li><a href=\"https:\/\/arbudi.com\/tunis\/atelier-de-reparation-pour-motos\/\">Atelier de r\u00e9paration pour motos<\/a><\/li><li><a href=\"https:\/\/arbudi.com\/tunis\/attraction-touristique\/\">Attraction touristique<\/a><\/li><li><a href=\"https:\/\/arbudi.com\/tunis\/audit-financier\/\">Audit financier<\/a><\/li><li><a href=\"https:\/\/arbudi.com\/tunis\/avocat\/\">Avocat<\/a><\/li><li><a href=\"https:\/\/arbudi.com\/tunis\/avocat-generaliste\/\">Avocat g\u00e9n\u00e9raliste<\/a><\/li><li><a href=\"https:\/\/arbudi.com\/tunis\/avocat-penaliste\/\">Avocat p\u00e9naliste<\/a><\/li><li><a href=\"https:\/\/arbudi.com\/tunis\/avocat-plaidant\/\">Avocat plaidant<\/a><\/li><li><a href=\"https:\/\/arbudi.com\/tunis\/avocat-e-en-droit-civil\/\">Avocat.e en droit civil<\/a><\/li><li><a href=\"https:\/\/arbudi.com\/tunis\/barbier\/\">Barbier<\/a><\/li><li><a href=\"https:\/\/arbudi.com\/tunis\/bijouterie\/\">Bijouterie<\/a><\/li><li><a href=\"https:\/\/arbudi.com\/tunis\/bijouterie-fantaisie\/\">Bijouterie fantaisie<\/a><\/li><li><a href=\"https:\/\/arbudi.com\/tunis\/bijoutier\/\">Bijoutier<\/a><\/li><li><a href=\"https:\/\/arbudi.com\/tunis\/blanchisserie\/\">Blanchisserie<\/a><\/li><li><a href=\"https:\/\/arbudi.com\/tunis\/boutique-daccessoires-de-mode\/\">Boutique d'accessoires de mode<\/a><\/li><li><a href=\"https:\/\/arbudi.com\/tunis\/boutique-darticles-de-mode\/\">Boutique d'articles de mode<\/a><\/li><li><a href=\"https:\/\/arbudi.com\/tunis\/boutique-de-lingerie\/\">Boutique de lingerie<\/a><\/li><li><a href=\"https:\/\/arbudi.com\/tunis\/boutique-de-mariage\/\">Boutique de mariage<\/a><\/li><li><a href=\"https:\/\/arbudi.com\/tunis\/boutique-de-t-shirts-personnalises\/\">Boutique de t-shirts personnalis\u00e9s<\/a><\/li><li><a href=\"https:\/\/arbudi.com\/tunis\/cabinet-davocats\/\">Cabinet d'avocats<\/a><\/li><li><a href=\"https:\/\/arbudi.com\/tunis\/cabinet-dexpertise-comptable\/\">Cabinet d'expertise comptable<\/a><\/li><li><a href=\"https:\/\/arbudi.com\/tunis\/cabinet-dentaire\/\">Cabinet dentaire<\/a><\/li><li><a href=\"https:\/\/arbudi.com\/tunis\/cafe\/\">Caf\u00e9<\/a><\/li><li><a href=\"https:\/\/arbudi.com\/tunis\/cafe-et-restaurant-de-grillades\/\">Caf\u00e9 et restaurant de grillades<\/a><\/li><li><a href=\"https:\/\/arbudi.com\/tunis\/cafeteria\/\">Caf\u00e9t\u00e9ria<\/a><\/li><li><a href=\"https:\/\/arbudi.com\/tunis\/centre-commercial\/\">Centre commercial<\/a><\/li><li><a href=\"https:\/\/arbudi.com\/tunis\/centre-depilation-laser\/\">Centre d'\u00e9pilation laser<\/a><\/li><li><a href=\"https:\/\/arbudi.com\/tunis\/centre-dinformation-et-dorientation\/\">Centre d'information et d'orientation<\/a><\/li><li><a href=\"https:\/\/arbudi.com\/tunis\/centre-de-bien-etre\/\">Centre de bien-\u00eatre<\/a><\/li><li><a href=\"https:\/\/arbudi.com\/tunis\/centre-de-radiologie\/\">Centre de radiologie<\/a><\/li><li><a href=\"https:\/\/arbudi.com\/tunis\/centre-de-reeducation\/\">Centre de r\u00e9\u00e9ducation<\/a><\/li><li><a href=\"https:\/\/arbudi.com\/tunis\/centre-de-sante-communautaire\/\">Centre de sant\u00e9 communautaire<\/a><\/li><li><a href=\"https:\/\/arbudi.com\/tunis\/centre-de-yoga\/\">Centre de yoga<\/a><\/li><li><a href=\"https:\/\/arbudi.com\/tunis\/centre-hospitalier-universitaire\/\">Centre hospitalier universitaire<\/a><\/li><li><a href=\"https:\/\/arbudi.com\/tunis\/centre-medical\/\">Centre m\u00e9dical<\/a><\/li><li><a href=\"https:\/\/arbudi.com\/tunis\/centre-social\/\">Centre social<\/a><\/li><li><a href=\"https:\/\/arbudi.com\/tunis\/chambre-dhotes\/\">Chambre d'h\u00f4tes<\/a><\/li><li><a href=\"https:\/\/arbudi.com\/tunis\/clinique\/\">Clinique<\/a><\/li><li><a href=\"https:\/\/arbudi.com\/tunis\/clinique-de-chirurgie-plastique\/\">Clinique de chirurgie plastique<\/a><\/li><li><a href=\"https:\/\/arbudi.com\/tunis\/clinique-de-transplantation-de-cheveux\/\">Clinique de transplantation de cheveux<\/a><\/li><li><a href=\"https:\/\/arbudi.com\/tunis\/clinique-specialisee\/\">Clinique sp\u00e9cialis\u00e9e<\/a><\/li><li><a href=\"https:\/\/arbudi.com\/tunis\/club-de-kick-boxing\/\">Club de kick-boxing<\/a><\/li><li><a href=\"https:\/\/arbudi.com\/tunis\/club-de-sport\/\">Club de sport<\/a><\/li><li><a href=\"https:\/\/arbudi.com\/tunis\/coach-particulier\/\">Coach particulier<\/a><\/li><li><a href=\"https:\/\/arbudi.com\/tunis\/coiffeur-a-domicile\/\">Coiffeur \u00e0 domicile<\/a><\/li><li><a href=\"https:\/\/arbudi.com\/tunis\/commissaire-aux-comptes\/\">Commissaire aux comptes<\/a><\/li><li><a href=\"https:\/\/arbudi.com\/tunis\/compagnie-dassurance\/\">Compagnie d'assurance<\/a><\/li><li><a href=\"https:\/\/arbudi.com\/tunis\/compagnie-dassurance-automobile\/\">Compagnie d'assurance automobile<\/a><\/li><li><a href=\"https:\/\/arbudi.com\/tunis\/comptable\/\">Comptable<\/a><\/li><li><a href=\"https:\/\/arbudi.com\/tunis\/concepteur-de-sites-web\/\">Concepteur de sites\u00a0Web<\/a><\/li><li><a href=\"https:\/\/arbudi.com\/tunis\/conseiller\/\">Conseiller<\/a><\/li><li><a href=\"https:\/\/arbudi.com\/tunis\/conseiller-en-sante\/\">Conseiller en sant\u00e9<\/a><\/li><li><a href=\"https:\/\/arbudi.com\/tunis\/conseiller-sante\/\">Conseiller sant\u00e9<\/a><\/li><li><a href=\"https:\/\/arbudi.com\/tunis\/conseiller%c2%b7ere-conjugal%c2%b7e-et-familial%c2%b7e\/\">Conseiller\u00b7\u00e8re conjugal\u00b7e et familial\u00b7e<\/a><\/li><li><a href=\"https:\/\/arbudi.com\/tunis\/consultant\/\">Consultant<\/a><\/li><li><a href=\"https:\/\/arbudi.com\/tunis\/consultant-en-ingenierie\/\">Consultant en ing\u00e9nierie<\/a><\/li><li><a href=\"https:\/\/arbudi.com\/tunis\/consultant-en-marketing\/\">Consultant en marketing<\/a><\/li><li><a href=\"https:\/\/arbudi.com\/tunis\/consultant-immobilier\/\">Consultant immobilier<\/a><\/li><li><a href=\"https:\/\/arbudi.com\/tunis\/courtier-dassurances\/\">Courtier d'assurances<\/a><\/li><li><a href=\"https:\/\/arbudi.com\/tunis\/creche\/\">Cr\u00e8che<\/a><\/li><li><a href=\"https:\/\/arbudi.com\/tunis\/creperie\/\">Cr\u00eaperie<\/a><\/li><li><a href=\"https:\/\/arbudi.com\/tunis\/dentiste\/\">Dentiste<\/a><\/li><li><a href=\"https:\/\/arbudi.com\/tunis\/dentiste-cosmetique\/\">Dentiste cosm\u00e9tique<\/a><\/li><li><a href=\"https:\/\/arbudi.com\/tunis\/dentiste-pediatrique\/\">Dentiste p\u00e9diatrique<\/a><\/li><li><a href=\"https:\/\/arbudi.com\/tunis\/depot-vente\/\">D\u00e9p\u00f4t-vente<\/a><\/li><li><a href=\"https:\/\/arbudi.com\/tunis\/dispensaire\/\">Dispensaire<\/a><\/li><li><a href=\"https:\/\/arbudi.com\/tunis\/ecole\/\">\u00c9cole<\/a><\/li><li><a href=\"https:\/\/arbudi.com\/tunis\/ecole-maternelle\/\">\u00c9cole maternelle<\/a><\/li><li><a href=\"https:\/\/arbudi.com\/tunis\/ecole-maternelle-steiner-waldorf\/\">\u00c9cole maternelle Steiner-Waldorf<\/a><\/li><li><a href=\"https:\/\/arbudi.com\/tunis\/ecole-primaire\/\">\u00c9cole primaire<\/a><\/li><li><a href=\"https:\/\/arbudi.com\/tunis\/edifice-a-appartements\/\">\u00c9difice \u00e0 appartements<\/a><\/li><li><a href=\"https:\/\/arbudi.com\/tunis\/electricien\/\">\u00c9lectricien<\/a><\/li><li><a href=\"https:\/\/arbudi.com\/tunis\/electricien-automobile\/\">\u00c9lectricien automobile<\/a><\/li><li><a href=\"https:\/\/arbudi.com\/tunis\/endodontiste\/\">Endodontiste<\/a><\/li><li><a href=\"https:\/\/arbudi.com\/tunis\/entreprise-de-construction\/\">Entreprise de construction<\/a><\/li><li><a href=\"https:\/\/arbudi.com\/tunis\/entreprise-de-logiciels\/\">Entreprise de logiciels<\/a><\/li><li><a href=\"https:\/\/arbudi.com\/tunis\/entreprise-de-nettoyage-de-vitres\/\">Entreprise de nettoyage de vitres<\/a><\/li><li><a href=\"https:\/\/arbudi.com\/tunis\/espace-de-coworking\/\">Espace de coworking<\/a><\/li><li><a href=\"https:\/\/arbudi.com\/tunis\/evaluateur-immobilier\/\">\u00c9valuateur immobilier<\/a><\/li><li><a href=\"https:\/\/arbudi.com\/tunis\/expert-immobilier\/\">Expert immobilier<\/a><\/li><li><a href=\"https:\/\/arbudi.com\/tunis\/expert-comptable\/\">Expert-comptable<\/a><\/li><li><a href=\"https:\/\/arbudi.com\/tunis\/festival-hall\/\">Festival hall<\/a><\/li><li><a href=\"https:\/\/arbudi.com\/tunis\/fournisseur-dacces-internet\/\">Fournisseur d'acc\u00e8s Internet<\/a><\/li><li><a href=\"https:\/\/arbudi.com\/tunis\/fournisseur-de-produits-de-nettoyage\/\">Fournisseur de produits de nettoyage<\/a><\/li><li><a href=\"https:\/\/arbudi.com\/tunis\/friperie\/\">Friperie<\/a><\/li><li><a href=\"https:\/\/arbudi.com\/tunis\/galerie-dart\/\">Galerie d'art<\/a><\/li><li><a href=\"https:\/\/arbudi.com\/tunis\/garage-automobile\/\">Garage automobile<\/a><\/li><li><a href=\"https:\/\/arbudi.com\/tunis\/groupe-medical\/\">Groupe m\u00e9dical<\/a><\/li><li><a href=\"https:\/\/arbudi.com\/tunis\/hammam\/\">Hammam<\/a><\/li><li><a href=\"https:\/\/arbudi.com\/tunis\/hebergement\/\">H\u00e9bergement<\/a><\/li><li><a href=\"https:\/\/arbudi.com\/tunis\/hebergement-dinterieur\/\">H\u00e9bergement d'int\u00e9rieur<\/a><\/li><li><a href=\"https:\/\/arbudi.com\/tunis\/hopital\/\">H\u00f4pital<\/a><\/li><li><a href=\"https:\/\/arbudi.com\/tunis\/hopital-prive\/\">H\u00f4pital priv\u00e9<\/a><\/li><li><a href=\"https:\/\/arbudi.com\/tunis\/hopital-specialise\/\">H\u00f4pital sp\u00e9cialis\u00e9<\/a><\/li><li><a href=\"https:\/\/arbudi.com\/tunis\/hostel\/\">Hostel<\/a><\/li><li><a href=\"https:\/\/arbudi.com\/tunis\/hotel\/\">H\u00f4tel<\/a><\/li><li><a href=\"https:\/\/arbudi.com\/tunis\/ingenieur-electricien\/\">Ing\u00e9nieur \u00e9lectricien<\/a><\/li><li><a href=\"https:\/\/arbudi.com\/tunis\/institut-de-beaute\/\">Institut de beaut\u00e9<\/a><\/li><li><a href=\"https:\/\/arbudi.com\/tunis\/institut-de-massages\/\">Institut de massages<\/a><\/li><li><a href=\"https:\/\/arbudi.com\/tunis\/institut-de-spa-et-bien-etre\/\">Institut de spa et bien-\u00eatre<\/a><\/li><li><a href=\"https:\/\/arbudi.com\/tunis\/joaillier\/\">Joaillier<\/a><\/li><li><a href=\"https:\/\/arbudi.com\/tunis\/laboratoire\/\">Laboratoire<\/a><\/li><li><a href=\"https:\/\/arbudi.com\/tunis\/laboratoire-danalyse-medicale\/\">Laboratoire d'analyse m\u00e9dicale<\/a><\/li><li><a href=\"https:\/\/arbudi.com\/tunis\/laboratoire-dentaire\/\">Laboratoire dentaire<\/a><\/li><li><a href=\"https:\/\/arbudi.com\/tunis\/laboratoire-photo\/\">Laboratoire photo<\/a><\/li><li><a href=\"https:\/\/arbudi.com\/tunis\/librairie\/\">Librairie<\/a><\/li><li><a href=\"https:\/\/arbudi.com\/tunis\/lieu-de-mariage\/\">Lieu de mariage<\/a><\/li><li><a href=\"https:\/\/arbudi.com\/tunis\/livraison-de-pizzas\/\">Livraison de pizzas<\/a><\/li><li><a href=\"https:\/\/arbudi.com\/tunis\/location-dappartement-de-vacances\/\">Location d'appartement de vacances<\/a><\/li><li><a href=\"https:\/\/arbudi.com\/tunis\/magasin\/\">Magasin<\/a><\/li><li><a href=\"https:\/\/arbudi.com\/tunis\/magasin-daccessoires-automobiles\/\">Magasin d'accessoires automobiles<\/a><\/li><li><a href=\"https:\/\/arbudi.com\/tunis\/magasin-darticles-de-coiffure-pour-hommes\/\">Magasin d'articles de coiffure pour hommes<\/a><\/li><li><a href=\"https:\/\/arbudi.com\/tunis\/magasin-delectronique\/\">Magasin d'\u00e9lectronique<\/a><\/li><li><a href=\"https:\/\/arbudi.com\/tunis\/magasin-de-jouets\/\">Magasin de jouets<\/a><\/li><li><a href=\"https:\/\/arbudi.com\/tunis\/magasin-de-materiel-de-plomberie\/\">Magasin de mat\u00e9riel de plomberie<\/a><\/li><li><a href=\"https:\/\/arbudi.com\/tunis\/magasin-de-materiel-electrique\/\">Magasin de mat\u00e9riel \u00e9lectrique<\/a><\/li><li><a href=\"https:\/\/arbudi.com\/tunis\/magasin-de-peinture\/\">Magasin de peinture<\/a><\/li><li><a href=\"https:\/\/arbudi.com\/tunis\/magasin-de-pieces-automobiles\/\">Magasin de pi\u00e8ces automobiles<\/a><\/li><li><a href=\"https:\/\/arbudi.com\/tunis\/magasin-de-pieces-de-rechange-automobiles\/\">Magasin de pi\u00e8ces de rechange automobiles<\/a><\/li><li><a href=\"https:\/\/arbudi.com\/tunis\/magasin-de-pieces-pour-voitures-de-course\/\">Magasin de pi\u00e8ces pour voitures de course<\/a><\/li><li><a href=\"https:\/\/arbudi.com\/tunis\/magasin-de-pneus\/\">Magasin de pneus<\/a><\/li><li><a href=\"https:\/\/arbudi.com\/tunis\/magasin-de-puericulture\/\">Magasin de pu\u00e9riculture<\/a><\/li><li><a href=\"https:\/\/arbudi.com\/tunis\/magasin-de-vetements\/\">Magasin de v\u00eatements<\/a><\/li><li><a href=\"https:\/\/arbudi.com\/tunis\/magasin-de-vetements-de-sport\/\">Magasin de v\u00eatements de sport<\/a><\/li><li><a href=\"https:\/\/arbudi.com\/tunis\/magasin-de-vetements-pour-bebes\/\">Magasin de v\u00eatements pour b\u00e9b\u00e9s<\/a><\/li><li><a href=\"https:\/\/arbudi.com\/tunis\/magasin-de-vetements-pour-femmes\/\">Magasin de v\u00eatements pour femmes<\/a><\/li><li><a href=\"https:\/\/arbudi.com\/tunis\/magasin-de-vetements-pour-hommes\/\">Magasin de v\u00eatements pour hommes<\/a><\/li><li><a href=\"https:\/\/arbudi.com\/tunis\/maison-dhotes\/\">Maison d'h\u00f4tes<\/a><\/li><li><a href=\"https:\/\/arbudi.com\/tunis\/massotherapeute\/\">Massoth\u00e9rapeute<\/a><\/li><li><a href=\"https:\/\/arbudi.com\/tunis\/mecanicien\/\">M\u00e9canicien<\/a><\/li><li><a href=\"https:\/\/arbudi.com\/tunis\/medecin\/\">M\u00e9decin<\/a><\/li><li><a href=\"https:\/\/arbudi.com\/tunis\/musee\/\">Mus\u00e9e<\/a><\/li><li><a href=\"https:\/\/arbudi.com\/tunis\/mutuelle-de-sante\/\">Mutuelle de sant\u00e9<\/a><\/li><li><a href=\"https:\/\/arbudi.com\/tunis\/nutritionniste\/\">Nutritionniste<\/a><\/li><li><a href=\"https:\/\/arbudi.com\/tunis\/organisateur-devenements\/\">Organisateur d'\u00e9v\u00e9nements<\/a><\/li><li><a href=\"https:\/\/arbudi.com\/tunis\/organisateur-de-mariages\/\">Organisateur de mariages<\/a><\/li><li><a href=\"https:\/\/arbudi.com\/tunis\/orthodontiste\/\">Orthodontiste<\/a><\/li><li><a href=\"https:\/\/arbudi.com\/tunis\/parfumerie\/\">Parfumerie<\/a><\/li><li><a href=\"https:\/\/arbudi.com\/tunis\/parodontiste-specialiste-des-implants-dentaires\/\">Parodontiste sp\u00e9cialiste des implants dentaires<\/a><\/li><li><a href=\"https:\/\/arbudi.com\/tunis\/patisserie\/\">P\u00e2tisserie<\/a><\/li><li><a href=\"https:\/\/arbudi.com\/tunis\/pedopsychiatre\/\">P\u00e9dopsychiatre<\/a><\/li><li><a href=\"https:\/\/arbudi.com\/tunis\/peintre-en-batiment\/\">Peintre en b\u00e2timent<\/a><\/li><li><a href=\"https:\/\/arbudi.com\/tunis\/peinture-automobile\/\">Peinture automobile<\/a><\/li><li><a href=\"https:\/\/arbudi.com\/tunis\/photographe\/\">Photographe<\/a><\/li><li><a href=\"https:\/\/arbudi.com\/tunis\/photographe-de-mariage\/\">Photographe de mariage<\/a><\/li><li><a href=\"https:\/\/arbudi.com\/tunis\/pizzeria\/\">Pizzeria<\/a><\/li><li><a href=\"https:\/\/arbudi.com\/tunis\/plombier\/\">Plombier<\/a><\/li><li><a href=\"https:\/\/arbudi.com\/tunis\/pressing\/\">Pressing<\/a><\/li><li><a href=\"https:\/\/arbudi.com\/tunis\/promoteur-immobilier\/\">Promoteur immobilier<\/a><\/li><li><a href=\"https:\/\/arbudi.com\/tunis\/psychiatre\/\">Psychiatre<\/a><\/li><li><a href=\"https:\/\/arbudi.com\/tunis\/psychologue\/\">Psychologue<\/a><\/li><li><a href=\"https:\/\/arbudi.com\/tunis\/psychologue-pour-enfants\/\">Psychologue pour enfants<\/a><\/li><li><a href=\"https:\/\/arbudi.com\/tunis\/psychotherapeute\/\">Psychoth\u00e9rapeute<\/a><\/li><li><a href=\"https:\/\/arbudi.com\/tunis\/residence\/\">R\u00e9sidence<\/a><\/li><li><a href=\"https:\/\/arbudi.com\/tunis\/restaurant\/\">Restaurant<\/a><\/li><li><a href=\"https:\/\/arbudi.com\/tunis\/restaurant-familial\/\">Restaurant familial<\/a><\/li><li><a href=\"https:\/\/arbudi.com\/tunis\/restaurant-italien\/\">Restaurant italien<\/a><\/li><li><a href=\"https:\/\/arbudi.com\/tunis\/restaurant-tunisien\/\">Restaurant tunisien<\/a><\/li><li><a href=\"https:\/\/arbudi.com\/tunis\/restauration-rapide\/\">Restauration rapide<\/a><\/li><li><a href=\"https:\/\/arbudi.com\/tunis\/salle-de-banquet\/\">Salle de banquet<\/a><\/li><li><a href=\"https:\/\/arbudi.com\/tunis\/salle-de-boxe-thailandaise\/\">Salle de boxe tha\u00eflandaise<\/a><\/li><li><a href=\"https:\/\/arbudi.com\/tunis\/salle-de-fitness\/\">Salle de fitness<\/a><\/li><li><a href=\"https:\/\/arbudi.com\/tunis\/salle-de-gym\/\">Salle de gym<\/a><\/li><li><a href=\"https:\/\/arbudi.com\/tunis\/salle-de-reception\/\">Salle de r\u00e9ception<\/a><\/li><li><a href=\"https:\/\/arbudi.com\/tunis\/salle-de-spectacles\/\">Salle de spectacles<\/a><\/li><li><a href=\"https:\/\/arbudi.com\/tunis\/salon-de-coiffure\/\">Salon de coiffure<\/a><\/li><li><a href=\"https:\/\/arbudi.com\/tunis\/salon-de-manucure\/\">Salon de manucure<\/a><\/li><li><a href=\"https:\/\/arbudi.com\/tunis\/salon-de-massage-thailandais\/\">Salon de massage tha\u00eflandais<\/a><\/li><li><a href=\"https:\/\/arbudi.com\/tunis\/salon-de-piercing\/\">Salon de piercing<\/a><\/li><li><a href=\"https:\/\/arbudi.com\/tunis\/salon-de-tatouage-et-piercing\/\">Salon de tatouage et piercing<\/a><\/li><li><a href=\"https:\/\/arbudi.com\/tunis\/salon-de-the\/\">Salon de th\u00e9<\/a><\/li><li><a href=\"https:\/\/arbudi.com\/tunis\/sandwicherie\/\">Sandwicherie<\/a><\/li><li><a href=\"https:\/\/arbudi.com\/tunis\/service-dhebergement-de-site-web\/\">Service d'h\u00e9bergement de site Web<\/a><\/li><li><a href=\"https:\/\/arbudi.com\/tunis\/service-dinstallation-electrique\/\">Service d'installation \u00e9lectrique<\/a><\/li><li><a href=\"https:\/\/arbudi.com\/tunis\/service-de-comptabilite\/\">Service de comptabilit\u00e9<\/a><\/li><li><a href=\"https:\/\/arbudi.com\/tunis\/service-de-garde-denfants-a-domicile\/\">Service de garde d'enfants \u00e0 domicile<\/a><\/li><li><a href=\"https:\/\/arbudi.com\/tunis\/service-de-marketing-internet\/\">Service de marketing Internet<\/a><\/li><li><a href=\"https:\/\/arbudi.com\/tunis\/service-de-menage\/\">Service de m\u00e9nage<\/a><\/li><li><a href=\"https:\/\/arbudi.com\/tunis\/service-de-nettoyage\/\">Service de nettoyage<\/a><\/li><li><a href=\"https:\/\/arbudi.com\/tunis\/service-de-nettoyage-de-moquettes\/\">Service de nettoyage de moquettes<\/a><\/li><li><a href=\"https:\/\/arbudi.com\/tunis\/service-de-nettoyage-et-dentretien\/\">Service de nettoyage et d'entretien<\/a><\/li><li><a href=\"https:\/\/arbudi.com\/tunis\/service-de-photographie\/\">Service de photographie<\/a><\/li><li><a href=\"https:\/\/arbudi.com\/tunis\/service-de-reparation-de-montres\/\">Service de r\u00e9paration de montres<\/a><\/li><li><a href=\"https:\/\/arbudi.com\/tunis\/service-de-reparation-de-pare-brise\/\">Service de r\u00e9paration de pare-brise<\/a><\/li><li><a href=\"https:\/\/arbudi.com\/tunis\/service-de-sante-environnementale\/\">Service de sant\u00e9 environnementale<\/a><\/li><li><a href=\"https:\/\/arbudi.com\/tunis\/service-de-sante-mentale\/\">Service de sant\u00e9 mentale<\/a><\/li><li><a href=\"https:\/\/arbudi.com\/tunis\/service-de-telemarketing\/\">Service de t\u00e9l\u00e9marketing<\/a><\/li><li><a href=\"https:\/\/arbudi.com\/tunis\/services-aux-entreprises\/\">Services aux entreprises<\/a><\/li><li><a href=\"https:\/\/arbudi.com\/tunis\/services-de-nettoyage\/\">Services de nettoyage<\/a><\/li><li><a href=\"https:\/\/arbudi.com\/tunis\/siege-social\/\">Si\u00e8ge social<\/a><\/li><li><a href=\"https:\/\/arbudi.com\/tunis\/societe-de-production-video\/\">Soci\u00e9t\u00e9 de production vid\u00e9o<\/a><\/li><li><a href=\"https:\/\/arbudi.com\/tunis\/spa\/\">Spa<\/a><\/li><li><a href=\"https:\/\/arbudi.com\/tunis\/stade\/\">Stade<\/a><\/li><li><a href=\"https:\/\/arbudi.com\/tunis\/studio-de-photographie\/\">Studio de photographie<\/a><\/li><li><a href=\"https:\/\/arbudi.com\/tunis\/studio-pilates\/\">Studio Pilates<\/a><\/li><li><a href=\"https:\/\/arbudi.com\/tunis\/tableau\/\">Tableau<\/a><\/li><li><a href=\"https:\/\/arbudi.com\/tunis\/tatoueur\/\">Tatoueur<\/a><\/li><li><a href=\"https:\/\/arbudi.com\/tunis\/travaux-generaux\/\">Travaux g\u00e9n\u00e9raux<\/a><\/li><li><a href=\"https:\/\/arbudi.com\/tunis\/vetements-pour-enfants\/\">V\u00eatements pour enfants<\/a><\/li>\n<\/div><\/div><style type=\"text\/css\">.fusion-body .fusion-builder-column-0{width:100% !important;margin-top : 15px;margin-bottom : 15px;}.fusion-builder-column-0 > .fusion-column-wrapper {padding-top : 0px !important;padding-right : 0px !important;margin-right : 1.92%;padding-bottom : 0px !important;padding-left : 0px !important;margin-left : 1.92%;}@media only screen and (max-width:1024px) {.fusion-body .fusion-builder-column-0{width:100% !important;order : 0;}.fusion-builder-column-0 > .fusion-column-wrapper {margin-right : 1.92%;margin-left : 1.92%;}}@media only screen and (max-width:640px) {.fusion-body .fusion-builder-column-0{width:100% !important;order : 0;}.fusion-builder-column-0 > .fusion-column-wrapper {margin-right : 1.92%;margin-left : 1.92%;}}<\/style><\/div><\/div><style type=\"text\/css\">.fusion-body .fusion-flex-container.fusion-builder-row-1{ padding-top : 0px;margin-top : 0px;padding-right : 0px;padding-bottom : 0px;margin-bottom : 0px;padding-left : 0px;}<\/style><\/div>\n","protected":false},"excerpt":{"rendered":"","protected":false},"author":1,"featured_media":0,"parent":0,"menu_order":0,"comment_status":"closed","ping_status":"closed","template":"100-width.php","meta":{"_acf_changed":false,"footnotes":""},"acf":[],"_links":{"self":[{"href":"https:\/\/arbudi.com\/tunis\/wp-json\/wp\/v2\/pages\/10"}],"collection":[{"href":"https:\/\/arbudi.com\/tunis\/wp-json\/wp\/v2\/pages"}],"about":[{"href":"https:\/\/arbudi.com\/tunis\/wp-json\/wp\/v2\/types\/page"}],"author":[{"embeddable":true,"href":"https:\/\/arbudi.com\/tunis\/wp-json\/wp\/v2\/users\/1"}],"replies":[{"embeddable":true,"href":"https:\/\/arbudi.com\/tunis\/wp-json\/wp\/v2\/comments?post=10"}],"version-history":[{"count":5,"href":"https:\/\/arbudi.com\/tunis\/wp-json\/wp\/v2\/pages\/10\/revisions"}],"predecessor-version":[{"id":8419,"href":"https:\/\/arbudi.com\/tunis\/wp-json\/wp\/v2\/pages\/10\/revisions\/8419"}],"wp:attachment":[{"href":"https:\/\/arbudi.com\/tunis\/wp-json\/wp\/v2\/media?parent=10"}],"curies":[{"name":"wp","href":"https:\/\/api.w.org\/{rel}","templated":true}]}}