{"id":9695,"date":"2024-07-08T22:32:43","date_gmt":"2024-07-08T22:32:43","guid":{"rendered":"https:\/\/arbudi.com\/tunis\/company\/fete-de-la-musique-au-belvedere\/"},"modified":"2024-07-08T22:32:43","modified_gmt":"2024-07-08T22:32:43","slug":"fete-de-la-musique-au-belvedere","status":"publish","type":"company","link":"https:\/\/arbudi.com\/tunis\/company\/fete-de-la-musique-au-belvedere\/","title":{"rendered":"f\u00eate de la musique au Belv\u00e9d\u00e8re"},"content":{"rendered":"","protected":false},"excerpt":{"rendered":"","protected":false},"featured_media":9696,"template":"","comcat":[67],"acf":[],"_links":{"self":[{"href":"https:\/\/arbudi.com\/tunis\/wp-json\/wp\/v2\/company\/9695"}],"collection":[{"href":"https:\/\/arbudi.com\/tunis\/wp-json\/wp\/v2\/company"}],"about":[{"href":"https:\/\/arbudi.com\/tunis\/wp-json\/wp\/v2\/types\/company"}],"wp:featuredmedia":[{"embeddable":true,"href":"https:\/\/arbudi.com\/tunis\/wp-json\/wp\/v2\/media\/9696"}],"wp:attachment":[{"href":"https:\/\/arbudi.com\/tunis\/wp-json\/wp\/v2\/media?parent=9695"}],"wp:term":[{"taxonomy":"comcat","embeddable":true,"href":"https:\/\/arbudi.com\/tunis\/wp-json\/wp\/v2\/comcat?post=9695"}],"curies":[{"name":"wp","href":"https:\/\/api.w.org\/{rel}","templated":true}]}}

fête de la musique au Belvédère
